{"id":13,"date":"2025-08-21T12:55:07","date_gmt":"2025-08-21T10:55:07","guid":{"rendered":"https:\/\/www.im365.io\/academy\/?page_id=13"},"modified":"2026-01-09T10:49:01","modified_gmt":"2026-01-09T09:49:01","slug":"home","status":"publish","type":"page","link":"https:\/\/www.im365.io\/academy\/","title":{"rendered":"home"},"content":{"rendered":"\n<div class=\"wp-block-group bannerHome\"><div class=\"wp-block-group__inner-container is-layout-constrained wp-block-group-is-layout-constrained\">\n<div class=\"wp-block-columns is-layout-flex wp-container-core-columns-is-layout-9d6595d7 wp-block-columns-is-layout-flex\">\n<div class=\"wp-block-column is-layout-flow wp-block-column-is-layout-flow\">\n<h1>Aprende en la academia de influencer marketing creada por los principales profesionales de la Creator Economy.<\/h1>\n\n\n\n<p data-start=\"198\" data-end=\"450\">Formamos a <strong data-start=\"209\" data-end=\"274\">todos los perfiles que intervienen en el influencer marketing<\/strong>: desde los profesionales que dise\u00f1an y gestionan campa\u00f1as en <strong data-start=\"336\" data-end=\"357\">marcas y agencias<\/strong>, hasta representantes y managers, pasando por <strong data-start=\"404\" data-end=\"430\">creadores de contenido<\/strong> y perfiles <strong data-start=\"442\" data-end=\"449\">UGC<\/strong>.<\/p>\n<p data-start=\"452\" data-end=\"754\">Tanto si quieres convertirte en experto en la creaci\u00f3n y gesti\u00f3n de campa\u00f1as con influencers, como si ya eres o aspiras a ser creador de contenido digital, aqu\u00ed encontrar\u00e1s la formaci\u00f3n necesaria para <strong data-start=\"655\" data-end=\"721\">llevar tu talento al m\u00e1ximo nivel y profesionalizar tu carrera<\/strong>.<br data-start=\"722\" data-end=\"725\" \/><strong data-start=\"725\" data-end=\"754\">Descubre nuestros cursos.<\/strong><\/p>\n\n\n\n<div class=\"wp-block-columns btnBlock is-layout-flex wp-container-core-columns-is-layout-9d6595d7 wp-block-columns-is-layout-flex\">\n<div class=\"wp-block-column is-layout-flow wp-block-column-is-layout-flow\">\n<p><a href=\"#catalogo\">Cat\u00e1logo de cursos<\/a><\/p>\n<\/div>\n\n\n\n<div class=\"wp-block-column is-layout-flow wp-block-column-is-layout-flow\">\n<p><a href=\"https:\/\/hotmart.com\/es\/club\/influencer-marketing-365\">Acceso alumnos<\/a><\/p>\n<\/div>\n<\/div>\n<\/div>\n\n\n\n<div class=\"wp-block-column is-layout-flow wp-block-column-is-layout-flow\">\n<figure class=\"wp-block-image size-large is-resized boxImg\"><img loading=\"lazy\" decoding=\"async\" width=\"733\" height=\"1024\" src=\"https:\/\/www.im365.io\/wp-content\/uploads\/sites\/2\/2025\/08\/bannerimg-733x1024.webp\" alt=\"\" class=\"wp-image-21\" style=\"object-fit:cover;width:590px;height:824px\" srcset=\"https:\/\/www.im365.io\/academy\/wp-content\/uploads\/sites\/2\/2025\/08\/bannerimg-733x1024.webp 733w, https:\/\/www.im365.io\/academy\/wp-content\/uploads\/sites\/2\/2025\/08\/bannerimg-215x300.webp 215w, https:\/\/www.im365.io\/academy\/wp-content\/uploads\/sites\/2\/2025\/08\/bannerimg-768x1073.webp 768w, https:\/\/www.im365.io\/academy\/wp-content\/uploads\/sites\/2\/2025\/08\/bannerimg.webp 885w\" sizes=\"auto, (max-width: 733px) 100vw, 733px\" \/><\/figure>\n<\/div>\n<\/div>\n<\/div><\/div>\n\n\n\n<div class=\"wp-block-group bg1Home\"><div class=\"wp-block-group__inner-container is-layout-constrained wp-block-group-is-layout-constrained\">\n<h6><span>01<\/span> <span>Cursos<\/span><\/h6>\n\n\n\n<div class=\"wp-block-group wrapperMov\"><div class=\"wp-block-group__inner-container is-layout-constrained wp-block-group-is-layout-constrained\">\n<h2>Nuestros <span class=\"red\">cursos<\/span><\/h2>\n<p>Todos nuestros cursos est\u00e1n grabados en v\u00eddeo, para que puedas realizarlos cuando y desde donde quieras, \u00a1completamente a tu ritmo!<\/p>\n<\/div><\/div>\n<\/div><\/div>\n\n\n\n<div id=\"catalogo\" class=\"wp-block-group wrapperSlider\"><div class=\"wp-block-group__inner-container is-layout-constrained wp-block-group-is-layout-constrained\">\n<div class=\"swiper mySwiper\">\n    <div class=\"swiper-wrapper\">\n      <div class=\"swiper-slide\">\n        <h5>Profesionales de marketing\u00a0<\/h5>\n        <h3>Influencer \n          Marketing Specialist<\/h3>\n          <p>Aprende a dise\u00f1ar, gestionar y medir campa\u00f1as de influencer marketing. \u00a1Especial\u00edzate en esta disciplina que ya forma parte del plan de marketing de cualquier empresa!<\/p>\n          <a href=\"https:\/\/www.im365.io\/academy\/influencer-marketing-specialist\/\">M\u00e1s informaci\u00f3n<\/a>\n      <\/div>\n      <div class=\"swiper-slide\">\n        <h5>Creadores de contenido<\/h5>\n        <h3>Content Creator: primeros pasos para construir una comunidad <\/h3>\n          <p>Desarrolla tu proyecto propio en redes sociales: estrategia, creaci\u00f3n y gesti\u00f3n de contenidos, posicionamiento y monetizaci\u00f3n. \u00a1La base para convertirte en Content Creator!<\/p>\n          <a href=\"https:\/\/www.im365.io\/academy\/content-creator-primeros-pasos-para-construir-una-comunidad\/\">M\u00e1s informaci\u00f3n<\/a>\n      <\/div>\n      <div class=\"swiper-slide\">\n        <h5>Creadores de contenido<\/h5>\n        <h3>Professional Creator: monetiza y optimiza tu perfil<\/h3>\n          <p>Impulsa tu perfil como creador de contenido profesional para generar m\u00e1s ingresos y rentabilizar tus esfuerzos. \u00a1S\u00e9 parte de la Creator Economy y vive 100% de tus contenidos!<\/p>\n          <a href=\"https:\/\/www.im365.io\/academy\/professional-creator\/\">M\u00e1s informaci\u00f3n<\/a>\n      <\/div>\n      <div class=\"swiper-slide\">\n        <h5>Startups<\/h5>\n        <h3>Vender con influencers<\/h3>\n          <p>Consigue promocionar tus productos o servicios en el mundo online colaborando con influencers para ganar autoridad y aumentar exponencialmente tus ventas sin ninguna inversi\u00f3n inicial.\n          <\/p>\n          <a href=\"#\">Pr\u00f3ximamente<\/a>\n      <\/div>\n    <\/div>\n    <div class=\"swiper-button-next\"><\/div>\n    <div class=\"swiper-button-prev\"><\/div>\n  <\/div>\n<\/div><\/div>\n\n\n\n<div id=\"profesores\" class=\"wp-block-group bg2Home\"><div class=\"wp-block-group__inner-container is-layout-constrained wp-block-group-is-layout-constrained\">\n<div class=\"wp-block-columns is-layout-flex wp-container-core-columns-is-layout-9d6595d7 wp-block-columns-is-layout-flex\">\n<div class=\"wp-block-column is-layout-flow wp-block-column-is-layout-flow\">\n<h6><span>02<\/span> <span>Talent<\/span><\/h6>\n\n\n\n<h2>Nuestros <br \/> <span class=\"red\">profesores<\/span><\/h2>\n\n\n\n<p>Aprende de verdaderos profesionales de las redes sociales y el influencer marketing. Todos nuestros profesores trabajan en agencias especializadas, realizando campa\u00f1as o representando influencers.<\/p>\n<p>\u00a1Su experiencia es el centro de nuestras clases!<\/p>\n<\/div>\n\n\n\n<div class=\"wp-block-column is-layout-flow wp-block-column-is-layout-flow\">\n<div class=\"swiper swiperCards\">\n    <div class=\"swiper-wrapper\">\n      <div class=\"swiper-slide\">\n        <img decoding=\"async\" src=\"https:\/\/www.im365.io\/wp-content\/uploads\/sites\/2\/2025\/08\/patricia_1_5x.webp\" alt=\"\">\n        <div class=\"info\">\n          <h6>Patricia Gonz\u00e1lez<\/h6>\n          <p>Directora acad\u00e9mica de IM365\n          <\/p>\n        <\/div>\n      <\/div>\n      <div class=\"swiper-slide\">\n        <img decoding=\"async\" src=\"https:\/\/www.im365.io\/wp-content\/uploads\/sites\/2\/2025\/08\/joan_1_5x-1.webp\" alt=\"\">\n        <div class=\"info\">\n          <h6>Joan Marc Garcia<\/h6>\n          <p>Country Manager Spain &#038; Italy &#038; Portugal de Territory Influence<\/p>\n        <\/div>\n      <\/div>\n      <div class=\"swiper-slide\">\n        <img decoding=\"async\" src=\"https:\/\/www.im365.io\/wp-content\/uploads\/sites\/2\/2025\/08\/rosa_1_5x.webp\" alt=\"\">\n        <div class=\"info\">\n          <h6>Rosa Fuentes\n          <\/h6>\n          <p>Directora comercial de LaCr\u00e8me Agency\n          <\/p>\n        <\/div>\n      <\/div>\n      <div class=\"swiper-slide\">\n        <img decoding=\"async\" src=\"https:\/\/www.im365.io\/wp-content\/uploads\/sites\/2\/2025\/08\/juan_1_5x.webp\" alt=\"\">\n        <div class=\"info\">\n          <h6>Juan Roncero<\/h6>\n          <p>Innovation Manager &#038; Co Founder de SocialPubli<\/p>\n        <\/div>\n      <\/div>\n      <div class=\"swiper-slide\">\n        <img decoding=\"async\" src=\"https:\/\/www.im365.io\/wp-content\/uploads\/sites\/2\/2025\/08\/blanca_1_5x.webp\" alt=\"\">\n        <div class=\"info\">\n          <h6>Blanca Rabena<\/h6>\n          <p>Directora General de 2btube<\/p>\n        <\/div>\n      <\/div>\n      <div class=\"swiper-slide\">\n        <img decoding=\"async\" src=\"https:\/\/www.im365.io\/wp-content\/uploads\/sites\/2\/2025\/08\/marisa_1_5x.webp\" alt=\"\">\n        <div class=\"info\">\n          <h6>Marisa Oliver<\/h6>\n          <p>CEO de Hamelin Agency<\/p>\n        <\/div>\n      <\/div>\n    <\/div>\n  <\/div>\n<\/div>\n<\/div>\n\n\n\n<img decoding=\"async\" src=\"https:\/\/www.im365.io\/wp-content\/uploads\/sites\/2\/2025\/08\/Group-144.svg\" class=\"yBack\">\n<\/div><\/div>\n\n\n\n<div id=\"beneficios\" class=\"wp-block-group bg3Home\"><div class=\"wp-block-group__inner-container is-layout-constrained wp-block-group-is-layout-constrained\">\n<h6><span>03<\/span> <span>Beneficios<\/span><\/h6>\n\n\n\n<div class=\"wp-block-columns is-layout-flex wp-container-core-columns-is-layout-9d6595d7 wp-block-columns-is-layout-flex\">\n<div class=\"wp-block-column is-layout-flow wp-block-column-is-layout-flow\">\n<h2>\u00bfPor qu\u00e9 estudiar en <span class=\"red\">IM365 Academy?<\/span><\/h2>\n\n\n\n<figure class=\"wp-block-image size-full\"><img loading=\"lazy\" decoding=\"async\" width=\"822\" height=\"711\" src=\"https:\/\/www.im365.io\/wp-content\/uploads\/sites\/2\/2025\/08\/mask_group-6.webp\" alt=\"\" class=\"wp-image-72\" srcset=\"https:\/\/www.im365.io\/academy\/wp-content\/uploads\/sites\/2\/2025\/08\/mask_group-6.webp 822w, https:\/\/www.im365.io\/academy\/wp-content\/uploads\/sites\/2\/2025\/08\/mask_group-6-300x259.webp 300w, https:\/\/www.im365.io\/academy\/wp-content\/uploads\/sites\/2\/2025\/08\/mask_group-6-768x664.webp 768w\" sizes=\"auto, (max-width: 822px) 100vw, 822px\" \/><\/figure>\n<\/div>\n\n\n\n<div class=\"wp-block-column is-layout-flow wp-block-column-is-layout-flow\">\n<div class=\"wp-block-getwid-toggle has-icon-left\">\n<div class=\"wp-block-getwid-toggle__row\"><div class=\"wp-block-getwid-toggle__header-wrapper\"><span class=\"wp-block-getwid-toggle__header\"><a href=\"#\"><span class=\"wp-block-getwid-toggle__header-title\">Pertenecer\u00e1s al \u00e1rea de asociados de IM365<\/span><span class=\"wp-block-getwid-toggle__icon is-active\"><i class=\"fas fa-plus\"><\/i><\/span><span class=\"wp-block-getwid-toggle__icon is-passive\"><i class=\"fas fa-minus\"><\/i><\/span><\/a><\/span><\/div><div class=\"wp-block-getwid-toggle__content-wrapper\"><div class=\"wp-block-getwid-toggle__content\">\n<p>Nuestros socios son compa\u00f1\u00edas, emprendedores o profesionales del sector del influencer marketing, por lo que tenemos contacto directo con cientos de empresas de la industria, favoreciendo as\u00ed el networking. Al matricularte en cualquiera de nuestros cursos, formar\u00e1s parte de nuestro directorio de asociados y tu perfil estar\u00e1 disponible para todos los miembros asociados, lo que puede derivar en oportunidades profesionales.&nbsp;<\/p>\n\n\n\n<p><a href=\"https:\/\/www.im365.io\/academy\/#\"><\/a><\/p>\n<\/div><\/div><\/div>\n\n\n\n<div class=\"wp-block-getwid-toggle__row\"><div class=\"wp-block-getwid-toggle__header-wrapper\"><span class=\"wp-block-getwid-toggle__header\"><a href=\"#\"><span class=\"wp-block-getwid-toggle__header-title\">Nuestros cursos se adaptan a tu horario<\/span><span class=\"wp-block-getwid-toggle__icon is-active\"><i class=\"fas fa-plus\"><\/i><\/span><span class=\"wp-block-getwid-toggle__icon is-passive\"><i class=\"fas fa-minus\"><\/i><\/span><\/a><\/span><\/div><div class=\"wp-block-getwid-toggle__content-wrapper\"><div class=\"wp-block-getwid-toggle__content\">\n<p>Puedes ir viendo las clases a tu ritmo, cuando puedas y desde donde quieras, incluso, sin necesidad de tener ordenador porque puedes acceder desde el m\u00f3vil.<\/p>\n<\/div><\/div><\/div>\n\n\n\n<div class=\"wp-block-getwid-toggle__row\"><div class=\"wp-block-getwid-toggle__header-wrapper\"><span class=\"wp-block-getwid-toggle__header\"><a href=\"#\"><span class=\"wp-block-getwid-toggle__header-title\">Acceso de por vida y actualizaci\u00f3n de contenidos<\/span><span class=\"wp-block-getwid-toggle__icon is-active\"><i class=\"fas fa-plus\"><\/i><\/span><span class=\"wp-block-getwid-toggle__icon is-passive\"><i class=\"fas fa-minus\"><\/i><\/span><\/a><\/span><\/div><div class=\"wp-block-getwid-toggle__content-wrapper\"><div class=\"wp-block-getwid-toggle__content\">\n<p>Siempre tendr\u00e1s acceso al curso, de manera ilimitada. Y podr\u00e1s disfrutar de las actualizaciones que iremos haciendo cuando haya novedades en el sector.&nbsp;&nbsp;<a href=\"https:\/\/www.im365.io\/academy\/#\"><\/a><\/p>\n<\/div><\/div><\/div>\n\n\n\n<div class=\"wp-block-getwid-toggle__row\"><div class=\"wp-block-getwid-toggle__header-wrapper\"><span class=\"wp-block-getwid-toggle__header\"><a href=\"#\"><span class=\"wp-block-getwid-toggle__header-title\">Aprende de casos reales<\/span><span class=\"wp-block-getwid-toggle__icon is-active\"><i class=\"fas fa-plus\"><\/i><\/span><span class=\"wp-block-getwid-toggle__icon is-passive\"><i class=\"fas fa-minus\"><\/i><\/span><\/a><\/span><\/div><div class=\"wp-block-getwid-toggle__content-wrapper\"><div class=\"wp-block-getwid-toggle__content\">\n<p>Queremos que aprendas directamente de la experiencia de profesionales del sector, por eso, adem\u00e1s de las clases te\u00f3ricas, tienes v\u00eddeos con sus casos de \u00e9xito o su opini\u00f3n ante las cuestiones m\u00e1s destacadas de esta disciplina.<a href=\"https:\/\/www.im365.io\/academy\/#\"><\/a><\/p>\n<\/div><\/div><\/div>\n\n\n\n<div class=\"wp-block-getwid-toggle__row\"><div class=\"wp-block-getwid-toggle__header-wrapper\"><span class=\"wp-block-getwid-toggle__header\"><a href=\"#\"><span class=\"wp-block-getwid-toggle__header-title\">Tutor y materiales extra a tu disposici\u00f3n<\/span><span class=\"wp-block-getwid-toggle__icon is-active\"><i class=\"fas fa-plus\"><\/i><\/span><span class=\"wp-block-getwid-toggle__icon is-passive\"><i class=\"fas fa-minus\"><\/i><\/span><\/a><\/span><\/div><div class=\"wp-block-getwid-toggle__content-wrapper\"><div class=\"wp-block-getwid-toggle__content\">\n<p>Adem\u00e1s de las clases, contar\u00e1s con recursos extra para complementar tu aprendizaje. Estudios, plantillas, demos de herramientas\u2026 Y podr\u00e1s resolver tus dudas gracias a nuestro tutor virtual.<a href=\"https:\/\/www.im365.io\/academy\/#\"><\/a><\/p>\n<\/div><\/div><\/div>\n\n\n\n<div class=\"wp-block-getwid-toggle__row\"><div class=\"wp-block-getwid-toggle__header-wrapper\"><span class=\"wp-block-getwid-toggle__header\"><a href=\"#\"><span class=\"wp-block-getwid-toggle__header-title\">Certificado acreditativo<\/span><span class=\"wp-block-getwid-toggle__icon is-active\"><i class=\"fas fa-plus\"><\/i><\/span><span class=\"wp-block-getwid-toggle__icon is-passive\"><i class=\"fas fa-minus\"><\/i><\/span><\/a><\/span><\/div><div class=\"wp-block-getwid-toggle__content-wrapper\"><div class=\"wp-block-getwid-toggle__content\">\n<p>Al finalizar el curso, obtendr\u00e1s un diploma que acreditar\u00e1 tus conocimientos.&nbsp;&nbsp;<\/p>\n\n\n\n<p><a href=\"https:\/\/www.im365.io\/academy\/#\"><\/a><\/p>\n<\/div><\/div><\/div>\n\n\n\n<div class=\"wp-block-getwid-toggle__row\"><div class=\"wp-block-getwid-toggle__header-wrapper\"><span class=\"wp-block-getwid-toggle__header\"><a href=\"#\"><span class=\"wp-block-getwid-toggle__header-title\">Invitaci\u00f3n a la IMWeek que quieras<\/span><span class=\"wp-block-getwid-toggle__icon is-active\"><i class=\"fas fa-plus\"><\/i><\/span><span class=\"wp-block-getwid-toggle__icon is-passive\"><i class=\"fas fa-minus\"><\/i><\/span><\/a><\/span><\/div><div class=\"wp-block-getwid-toggle__content-wrapper\"><div class=\"wp-block-getwid-toggle__content\">\n<p>Organizamos diferentes eventos por todo el mundo. Como alumno del curso, podr\u00e1s conseguir una invitaci\u00f3n para acudir a uno de ellos, donde aprender\u00e1s con las ponencias m\u00e1s innovadoras y conocer\u00e1s a profesionales del sector del influencer marketing.<\/p>\n<\/div><\/div><\/div>\n\n\n\n<div class=\"wp-block-getwid-toggle__row\"><div class=\"wp-block-getwid-toggle__header-wrapper\"><span class=\"wp-block-getwid-toggle__header\"><a href=\"#\"><span class=\"wp-block-getwid-toggle__header-title\">Fracciona el coste del curso<\/span><span class=\"wp-block-getwid-toggle__icon is-active\"><i class=\"fas fa-plus\"><\/i><\/span><span class=\"wp-block-getwid-toggle__icon is-passive\"><i class=\"fas fa-minus\"><\/i><\/span><\/a><\/span><\/div><div class=\"wp-block-getwid-toggle__content-wrapper\"><div class=\"wp-block-getwid-toggle__content\">\n<p>Nuestras formaciones est\u00e1n alojadas en Hotmart, una de las principales plataformas de aprendizaje online a nivel mundial. Podr\u00e1s utilizar sus opciones de financiaci\u00f3n para aplazar o dividir el coste del curso si lo necesitas.<\/p>\n\n\n\n<p><\/p>\n<\/div><\/div><\/div>\n<\/div>\n<\/div>\n<\/div>\n<\/div><\/div>\n\n\n\n<div id=\"contacto\" class=\"wp-block-group bg4Home\"><div class=\"wp-block-group__inner-container is-layout-constrained wp-block-group-is-layout-constrained\">\n<h6><span>04<\/span> <span>Contacto<\/span><\/h6>\n\n\n\n<h2>\u00bfTienes alguna duda o necesitas <span class=\"red\">otro tipo de formaci\u00f3n?<\/span><\/h2>\n\n\n\n<p>Si tienes alguna pregunta sobre cualquiera de nuestras formaciones est\u00e1s buscando un curso con clases en directo o tienes una empresa y necesitas una propuesta de formaci\u00f3n personalizada, rellena el siguiente formulario y nuestro equipo pondr\u00e1 en contacto contigo con la mayor brevedad.<\/p>\n\n\n\n<div class=\"wp-block-columns containerForm is-layout-flex wp-container-core-columns-is-layout-9d6595d7 wp-block-columns-is-layout-flex\">\n<div class=\"wp-block-column is-layout-flow wp-block-column-is-layout-flow\">\n<figure class=\"wp-block-image size-large\"><img loading=\"lazy\" decoding=\"async\" width=\"530\" height=\"338\" src=\"https:\/\/www.im365.io\/wp-content\/uploads\/sites\/2\/2025\/08\/contacto_img.svg\" alt=\"\" class=\"wp-image-85\"\/><\/figure>\n<\/div>\n\n\n\n<div class=\"wp-block-column is-layout-flow wp-block-column-is-layout-flow\">\n<div data-tf-live=\"01K3G4M3R093NESXQZ5FZPM2D5\"><\/div><script src=\"\/\/embed.typeform.com\/next\/embed.js\"><\/script>\n<\/div>\n<\/div>\n<\/div><\/div>\n\n\n\n<p><\/p>\n","protected":false},"excerpt":{"rendered":"<p>Aprende en la academia de influencer marketing creada por los principales profesionales de la Creator Economy. Formamos a todos los perfiles que intervienen en el influencer marketing: desde los profesionales que dise\u00f1an y gestionan campa\u00f1as en marcas y agencias, hasta representantes y managers, pasando por creadores de contenido y perfiles UGC. Tanto si quieres convertirte &#8230; <a title=\"home\" class=\"read-more\" href=\"https:\/\/www.im365.io\/academy\/\" aria-label=\"Leer m\u00e1s sobre home\">Leer m\u00e1s<\/a><\/p>\n","protected":false},"author":1,"featured_media":0,"parent":0,"menu_order":0,"comment_status":"closed","ping_status":"closed","template":"","meta":{"_acf_changed":false,"footnotes":""},"class_list":["post-13","page","type-page","status-publish"],"acf":[],"_links":{"self":[{"href":"https:\/\/www.im365.io\/academy\/wp-json\/wp\/v2\/pages\/13","targetHints":{"allow":["GET"]}}],"collection":[{"href":"https:\/\/www.im365.io\/academy\/wp-json\/wp\/v2\/pages"}],"about":[{"href":"https:\/\/www.im365.io\/academy\/wp-json\/wp\/v2\/types\/page"}],"author":[{"embeddable":true,"href":"https:\/\/www.im365.io\/academy\/wp-json\/wp\/v2\/users\/1"}],"replies":[{"embeddable":true,"href":"https:\/\/www.im365.io\/academy\/wp-json\/wp\/v2\/comments?post=13"}],"version-history":[{"count":4,"href":"https:\/\/www.im365.io\/academy\/wp-json\/wp\/v2\/pages\/13\/revisions"}],"predecessor-version":[{"id":303,"href":"https:\/\/www.im365.io\/academy\/wp-json\/wp\/v2\/pages\/13\/revisions\/303"}],"wp:attachment":[{"href":"https:\/\/www.im365.io\/academy\/wp-json\/wp\/v2\/media?parent=13"}],"curies":[{"name":"wp","href":"https:\/\/api.w.org\/{rel}","templated":true}]}}